 - -5?
-260360
In base 14, what is c + 502?
510
In base 2, what is -111000010 - 111010?
-111111100
In base 9, what is -5 - -55527?
55522
In base 4, what is 10230 - -1232?
12122
In base 14, what is -bb5 + 4?
-bb1
In base 2, what is -10111110 - 10110110?
-101110100
In base 7, what is -3 - 236616?
-236622
In base 2, what is 101 + -1010100111000101?
-1010100111000000
In base 11, what is 130 - 444?
-314
In base 15, what is -29a6 + -8?
-29ae
In base 11, what is -10 - -268447?
268437
In base 16, what is 4 + 6ced?
6cf1
In base 10, what is 2 - -8757?
8759
In base 12, what is -b9 + -a1?
-19a
In base 16, what is 10eb - -14?
10ff
In base 16, what is 4 + -2ba9c?
-2ba98
In base 4, what is 12200123 - -10?
12200133
In base 9, what is 365 + -215?
150
In base 3, what is 2221100020 + -11?
2221100002
In base 9, what is 6 + -547263?
-547256
In base 13, what is 2970b - -5?
29713
In base 2, what is -101 + 111101010000001101?
111101010000001000
In base 16, what is -96 - 1e?
-b4
In base 15, what is -10d0e1 + 3?
-10d0dd
In base 6, what is -1220 - 3055?
-4315
In base 5, what is -132 - -43113?
42431
In base 14, what is c467 - -5?
c46c
In base 7, what is -3531505 - -6?
-3531466
In base 12, what is 69 - 12708?
-1265b
In base 2, what is 11 - 10101101010001100?
-10101101010001001
In base 3, what is -1011100201 - 0?
-1011100201
In base 8, what is -45 + -134777?
-135044
In base 9, what is -376 - -575?
188
In base 15, what is -2e5 + 10?
-2d5
In base 14, what is -357a - -39?
-3541
In base 9, what is 3 + 57?
61
In base 5, what is -3 - -2044002?
2043444
In base 13, what is 3 + 131c35?
131c38
In base 9, what is 2 - 4610?
-4607
In base 9, what is 22 - 4305?
-4273
In base 8, what is 6722 + 353?
7275
In base 14, what is -34 + 43b2?
437c
In base 15, what is 84 + -5c4?
-540
In base 13, what is 1 - 26c5?
-26c4
In base 11, what is 2497 - -644?
3030
In base 7, what is 0 - 2345335?
-2345335
In base 16, what is -28f + 3bc?
12d
In base 5, what is -210314012 - 1?
-210314013
In base 14, what is 2990a - 5?
29905
In base 7, what is 11 + 5024?
5035
In base 10, what is 81 - 2376?
-2295
In base 6, what is 450501 - -5?
450510
In base 6, what is -5513201 + 2?
-5513155
In base 7, what is -140112 - 4?
-140116
In base 16, what is -5af + -59?
-608
In base 13, what is -7c04 - 3?
-7c07
In base 3, what is 22 - 20222?
-20200
In base 14, what is 27 - -710?
737
In base 10, what is 65 - 905?
-840
In base 10, what is 28725 - 11?
28714
In base 4, what is -130330 + 3?
-130321
In base 11, what is -112 - -1445?
1333
In base 14, what is 2 - -5c2c?
5c30
In base 9, what is -225508 - -5?
-225503
In base 14, what is -3c4 + -a8?
-48c
In base 12, what is -951 + -3a?
-98b
In base 11, what is -5a259 + 0?
-5a259
In base 2, what is -111 + -1010010100110?
-1010010101101
In base 4, what is 100222132 + 0?
100222132
In base 4, what is -1030100 - 22123?
-1112223
In base 15, what is 1503 - 30?
14c3
In base 5, what is -1042 + -10313?
-11410
In base 7, what is -101 - -3403?
3302
In base 11, what is 1552 - -4?
1556
In base 6, what is 2 + 121031?
121033
In base 2, what is -10000001 + 10000111?
110
In base 14, what is 6d59 + -48?
6d11
In base 13, what is 6 + -53cc?
-53c6
In base 3, what is 10021100 - -1011?
10022111
In base 13, what is 11c - -1621?
1740
In base 4, what is 133 - 310301?
-310102
In base 6, what is -41 - -4531?
4450
In base 14, what is 10 - -5bda?
5c0a
In base 6, what is 35424 - 235?
35145
In base 13, what is 12ab + -9?
12a2
In base 7, what is 1063 - 130?
633
In base 4, what is 32203011023 - 0?
32203011023
In base 15, what is 39d67e - -3?
39d682
In base 14, what is 88d + -13d?
750
In base 16, what is -35d8 - 3?
-35db
In base 8, what is -2 - 21550?
-21552
In base 4, what is -2032020 + 1303?
-2030111
In base 13, what is -309 - 49?
-355
In base 13, what is 414ab - -8?
414b6
In base 5, what is -10 + 14411142?
14411132
In base 7, what is 131 + -2614?
-2453
In base 9, what is 780358 + -1?
780357
In base 9, what is -1 - 17568?
-17570
In base 7, what is -206421 + -4?
-206425
In base 3, what is 11 - 1022000120?
-1022000102
In base 9, what is -1 - 402266?
-402267
In base 6, what is -4 + -45540?
-45544
In base 2, what is 10 + -1001110000011?
-1001110000001
In base 9, what is 4 - 11135?
-11131
In base 16, what is 382 + 83f?
bc1
In base 3, what is -1112 + 12100110?
12021221
In base 2, what is -110101 + -1110001100001?
-1110010010110
In base 4, what is 22 - -12222021?
12222103
In base 12, what is -62 + 37?
-27
In base 7, what is 3 - -2241?
2244
In base 2, what is -1001 - -1110101000010010?
1110101000001001
In base 10, what is 848677 + 3?
848680
In base 10, what is 4 + 4925?
4929
In base 2, what is -1010100 - 10001110?
-11100010
In base 12, what is 22 - -119?
13b
In base 10, what is -1 + -440?
-441
In base 4, what is -1222 - -31?
-1131
In base 11, what is 20a0 - 3?
2098
In base 9, what is -52 - -604?
542
In base 9, what is -2 + -218783?
-218785
In base 3, what is 112001202 - 22?
112001110
In base 9, what is -5 + -3766?
-3772
In base 12, what is 2654 + -253?
2401
In base 16, what is 5 + -772e?
-7729
In base 7, what is 2 - 24055?
-24053
In base 14, what is 3 + -4ba0?
-4b9b
In base 16, what is -5 - -3b393?
3b38e
In base 6, what is 1 + 305?
310
In base 7, what is 5 - -23631?
23636
In base 3, what is -10 + -1011102002?
-1011102012
In base 15, what is -147 + 528?
3d1
In base 10, what is -6207 - 4?
-6211
In base 6, what is 3423 + 320?
4143
In base 11, what is 124716 - 4?
124712
In base 8, what is -5 + 214100?
214073
In base 10, what is 31 + 2366?
2397
In base 7, what is 21 - -113052?
113103
In base 6, what is 2430453 - -14?
2430511
In base 8, what is -1 + 55?
54
In base 13, what is -5 - -a3a3?
a39b
In base 9, what is 2 + 41155?
41157
In base 12, what is 6b53 - a?
6b45
In base 8, what is -5 + 1003451?
1003444
In base 6, what is 111234 - -3?
111241
In base 11, what is -121792a + -1?
-1217930
In base 4, what is 33 - 220202313?
-220202220
In base 5, what is -41 + 32333?
32242
In base 3, what is 21 - -101020102222?
101020110020
In base 9, what is 130384 - -2?
130386
In base 15, what is -1 + -18b3?
-18b4
In base 8, what is 1602 + -3?
1577
In base 13, what is c4a + 1b?
c68
In base 6, what is -11103 - -30?
-11033
In base 7, what is 2201656 - -3?
2201662
In base 9, what is -12828 + -45?
-12874
In base 4, what is 320 - 100233330?
-100233010
In base 10, what is -170 - -131?
-39
In base 9, what is -1021313 - 4?
-1021317
In base 8, what is 446306 - -10?
446316
In base 15, what is -111c - 62?
-117e
In base 4, what is -2003 + -13?
-2022
In base 15, what is -1 - 2e?
-30
In base 11, what is 68 + -5345?
-5288
In base 7, what is 16640 - -4?
16644
In base 11, what is 154916 - 3?
154913
In base 8, what is -64613 - 0?
-64613
In base 6, what is 5 - 1224414?
-1224405
In base 10, what is 58478 + 7?
58485
In base 9, what is 4 + -36516?
-36512
In base 9, what is 1 + 1046317?
1046318
In base 3, what is -12020221202 - 12?
-12020221221
In base 8, what is 542346 - -1?
542347
In base 12, what is 18a - 677?
-4a9
In base 5, what is -340 + 311?
-24
In base 2, what is 1 - 110011010110100000111?
-110011010110100000110
In base 16, what is -18d77 + 4?
-18d73
In base 8, what is 1264001 + 0?
1264001
In base 11, what is 5 - 44a16?
-44a11
In base 14, what is -797a - 17?
-7993
In base 12, what is -2a3 - 28?
-30b
In base 15, what is 8c6 + -12?
8b4
In base 2, what is -100 + 1010011100011011110?
1010011100011011010
In base 6, what is -1314 + -10414?
-12132
In base 15, what is 1c0b - -101?
1d0c
In base 9, what is -37557 + -20?
-37577
In base 10, what is 258 - -39?
297
In base 12, what is -233a7 + -41?
-23428
In base 4, what is -211131 - 11233?
-223030
In base 9, what is 12414 + 4?
12418
In base 4, what is 23100112220 - -11?
23100112231
In base 6, what is 1140 - -124?
1304
In base 3, what is -2 + -1202021221?
-1202022000
In base 2, what is 0 + 11011010111010011?
11011010111010011
In base 6, what is 1040 - 1055?
-15
In base 14, what is 22 + -15d?
-13b
In base 16, what is -3c - -aebf?
ae83
In base 5, what is -110023 - -2014?
-103004
In base 4, what is 1 + -1010310?
-1010303
In base 9, what is -414 + 104?
-310
In base 8, what is -251 - 11606?
-12057
In base 12, what is -451 + -a7?
-538
In base 16, what is -e - 8a5?
-8b3
In base 13, what is -157 + -502?
-659
In base 2, what is -100000110101000